{"id":277,"date":"2020-10-15T14:13:15","date_gmt":"2020-10-15T14:13:15","guid":{"rendered":"https:\/\/qi11.qodeinteractive.com\/?page_id=277"},"modified":"2026-04-08T14:15:05","modified_gmt":"2026-04-08T12:15:05","slug":"contact","status":"publish","type":"page","link":"https:\/\/lemascharlemagne.fr\/?page_id=277","title":{"rendered":"Contact"},"content":{"rendered":"\t\t<div data-elementor-type=\"wp-page\" data-elementor-id=\"277\" class=\"elementor elementor-277\">\n\t\t\t\t<div class=\"elementor-element elementor-element-198d595 e-con-full e-flex qodef-elementor-content-no e-con e-parent\" data-id=\"198d595\" data-element_type=\"container\" data-settings=\"{&quot;background_background&quot;:&quot;classic&quot;,&quot;jet_parallax_layout_list&quot;:[]}\">\n\t\t\t\t<\/div>\n\t\t<div class=\"elementor-element elementor-element-0de2217 e-flex e-con-boxed qodef-elementor-content-no elementor-invisible e-con e-parent\" data-id=\"0de2217\" data-element_type=\"container\" data-settings=\"{&quot;jet_parallax_layout_list&quot;:[],&quot;animation&quot;:&quot;fadeInUp&quot;}\">\n\t\t\t\t\t<div class=\"e-con-inner\">\n\t\t<div class=\"elementor-element elementor-element-ae1cce8 e-con-full e-flex qodef-elementor-content-no e-con e-child\" data-id=\"ae1cce8\" data-element_type=\"container\" data-settings=\"{&quot;jet_parallax_layout_list&quot;:[]}\">\n\t\t<div class=\"elementor-element elementor-element-d9cf15c e-con-full e-flex qodef-elementor-content-no e-con e-child\" data-id=\"d9cf15c\" data-element_type=\"container\" data-settings=\"{&quot;jet_parallax_layout_list&quot;:[]}\">\n\t\t\t\t<\/div>\n\t\t<div class=\"elementor-element elementor-element-136d74a e-con-full e-flex qodef-elementor-content-no e-con e-child\" data-id=\"136d74a\" data-element_type=\"container\" data-settings=\"{&quot;background_background&quot;:&quot;classic&quot;,&quot;jet_parallax_layout_list&quot;:[]}\">\n\t\t<div class=\"elementor-element elementor-element-c891261 e-flex e-con-boxed qodef-elementor-content-no e-con e-child\" data-id=\"c891261\" data-element_type=\"container\" data-settings=\"{&quot;background_background&quot;:&quot;classic&quot;,&quot;jet_parallax_layout_list&quot;:[]}\">\n\t\t\t\t\t<div class=\"e-con-inner\">\n\t\t\t\t\t<\/div>\n\t\t\t\t<\/div>\n\t\t\t\t<\/div>\n\t\t\t\t<\/div>\n\t\t\t\t\t<\/div>\n\t\t\t\t<\/div>\n\t\t<div class=\"elementor-element elementor-element-4c5c7c0 e-flex e-con-boxed qodef-elementor-content-no e-con e-parent\" data-id=\"4c5c7c0\" data-element_type=\"container\" data-settings=\"{&quot;jet_parallax_layout_list&quot;:[]}\">\n\t\t\t\t\t<div class=\"e-con-inner\">\n\t\t\t\t<div class=\"elementor-element elementor-element-b47f777 elementor-widget elementor-widget-heading\" data-id=\"b47f777\" data-element_type=\"widget\" data-widget_type=\"heading.default\">\n\t\t\t\t<div class=\"elementor-widget-container\">\n\t\t\t\t\t<h2 class=\"elementor-heading-title elementor-size-default\">Faire une demande de r\u00e9servation :<\/h2>\t\t\t\t<\/div>\n\t\t\t\t<\/div>\n\t\t<div class=\"elementor-element elementor-element-718bb98 e-con-full e-flex qodef-elementor-content-no e-con e-child\" data-id=\"718bb98\" data-element_type=\"container\" data-settings=\"{&quot;jet_parallax_layout_list&quot;:[]}\">\n\t\t<div class=\"elementor-element elementor-element-32421ae e-con-full e-flex qodef-elementor-content-no e-con e-child\" data-id=\"32421ae\" data-element_type=\"container\" data-settings=\"{&quot;background_background&quot;:&quot;classic&quot;,&quot;jet_parallax_layout_list&quot;:[]}\">\n\t\t\t\t<div class=\"elementor-element elementor-element-325f1263 elementor-widget elementor-widget-image\" data-id=\"325f1263\" data-element_type=\"widget\" data-widget_type=\"image.default\">\n\t\t\t\t<div class=\"elementor-widget-container\">\n\t\t\t\t\t\t\t\t\t\t\t\t\t\t\t<img fetchpriority=\"high\" decoding=\"async\" width=\"1024\" height=\"607\" src=\"https:\/\/lemascharlemagne.fr\/wp-content\/uploads\/2023\/12\/le-clos-des-muriers-1024x607.jpg\" class=\"attachment-large size-large wp-image-1070\" alt=\"clos des muriers\" srcset=\"https:\/\/lemascharlemagne.fr\/wp-content\/uploads\/2023\/12\/le-clos-des-muriers-1024x607.jpg 1024w, https:\/\/lemascharlemagne.fr\/wp-content\/uploads\/2023\/12\/le-clos-des-muriers-600x356.jpg 600w, https:\/\/lemascharlemagne.fr\/wp-content\/uploads\/2023\/12\/le-clos-des-muriers-300x178.jpg 300w, https:\/\/lemascharlemagne.fr\/wp-content\/uploads\/2023\/12\/le-clos-des-muriers-768x455.jpg 768w, https:\/\/lemascharlemagne.fr\/wp-content\/uploads\/2023\/12\/le-clos-des-muriers-1536x910.jpg 1536w, https:\/\/lemascharlemagne.fr\/wp-content\/uploads\/2023\/12\/le-clos-des-muriers.jpg 1920w\" sizes=\"(max-width: 1024px) 100vw, 1024px\" \/>\t\t\t\t\t\t\t\t\t\t\t\t\t\t\t<\/div>\n\t\t\t\t<\/div>\n\t\t\t\t<\/div>\n\t\t<div class=\"elementor-element elementor-element-6dbbcaf e-con-full e-flex qodef-elementor-content-no e-con e-child\" data-id=\"6dbbcaf\" data-element_type=\"container\" data-settings=\"{&quot;background_background&quot;:&quot;classic&quot;,&quot;jet_parallax_layout_list&quot;:[]}\">\n\t\t\t\t<div class=\"elementor-element elementor-element-496cbcd elementor-widget elementor-widget-image\" data-id=\"496cbcd\" data-element_type=\"widget\" data-widget_type=\"image.default\">\n\t\t\t\t<div class=\"elementor-widget-container\">\n\t\t\t\t\t\t\t\t\t\t\t\t\t\t\t<img decoding=\"async\" width=\"800\" height=\"474\" src=\"https:\/\/lemascharlemagne.fr\/wp-content\/uploads\/2023\/12\/mas-charlemagne_5-PERS.jpg\" class=\"attachment-large size-large wp-image-1592\" alt=\"photo gite Ard\u00e8che Mas Charlemagne\" srcset=\"https:\/\/lemascharlemagne.fr\/wp-content\/uploads\/2023\/12\/mas-charlemagne_5-PERS.jpg 800w, https:\/\/lemascharlemagne.fr\/wp-content\/uploads\/2023\/12\/mas-charlemagne_5-PERS-600x356.jpg 600w, https:\/\/lemascharlemagne.fr\/wp-content\/uploads\/2023\/12\/mas-charlemagne_5-PERS-300x178.jpg 300w, https:\/\/lemascharlemagne.fr\/wp-content\/uploads\/2023\/12\/mas-charlemagne_5-PERS-768x455.jpg 768w\" sizes=\"(max-width: 800px) 100vw, 800px\" \/>\t\t\t\t\t\t\t\t\t\t\t\t\t\t\t<\/div>\n\t\t\t\t<\/div>\n\t\t\t\t<\/div>\n\t\t\t\t<\/div>\n\t\t\t\t\t<\/div>\n\t\t\t\t<\/div>\n\t\t\t\t<section class=\"elementor-section elementor-top-section elementor-element elementor-element-4ebbfbb elementor-section-full_width animated-slow elementor-section-height-default elementor-section-height-default qodef-elementor-content-no elementor-invisible\" data-id=\"4ebbfbb\" data-element_type=\"section\" data-settings=\"{&quot;jet_parallax_layout_list&quot;:[],&quot;animation&quot;:&quot;fadeIn&quot;}\">\n\t\t\t\t\t\t<div class=\"elementor-container elementor-column-gap-no\">\n\t\t\t\t\t<div class=\"elementor-column elementor-col-100 elementor-top-column elementor-element elementor-element-fc4be45\" data-id=\"fc4be45\" data-element_type=\"column\">\n\t\t\t<div class=\"elementor-widget-wrap elementor-element-populated\">\n\t\t\t\t\t\t<div class=\"elementor-element elementor-element-1538663 elementor-widget elementor-widget-google_maps\" data-id=\"1538663\" data-element_type=\"widget\" data-widget_type=\"google_maps.default\">\n\t\t\t\t<div class=\"elementor-widget-container\">\n\t\t\t\t\t\t\t<div class=\"elementor-custom-embed\">\n\t\t\t<iframe loading=\"lazy\"\n\t\t\t\t\tsrc=\"https:\/\/maps.google.com\/maps?q=le%20mas%20charlemagne%20grospierres&#038;t=m&#038;z=12&#038;output=embed&#038;iwloc=near\"\n\t\t\t\t\ttitle=\"le mas charlemagne grospierres\"\n\t\t\t\t\taria-label=\"le mas charlemagne grospierres\"\n\t\t\t><\/iframe>\n\t\t<\/div>\n\t\t\t\t\t\t<\/div>\n\t\t\t\t<\/div>\n\t\t\t\t\t<\/div>\n\t\t<\/div>\n\t\t\t\t\t<\/div>\n\t\t<\/section>\n\t\t\t\t<\/div>\n\t\t","protected":false},"excerpt":{"rendered":"<p>Faire une demande de r\u00e9servation :<\/p>\n","protected":false},"author":1,"featured_media":1598,"parent":0,"menu_order":0,"comment_status":"closed","ping_status":"closed","template":"elementor_header_footer","meta":{"inline_featured_image":false,"footnotes":""},"class_list":["post-277","page","type-page","status-publish","has-post-thumbnail","hentry"],"yoast_head":"<!-- This site is optimized with the Yoast SEO plugin v26.5 - https:\/\/yoast.com\/wordpress\/plugins\/seo\/ -->\n<title>Contact - Le Mas Charlemagne<\/title>\n<meta name=\"description\" content=\"Dominique &amp; Joris Charlemagne sont disponibles pour r\u00e9pondre \u00e0 toutes vos questions. Vous pouvez \u00e9galement nous contacter directement par t\u00e9l\u00e9phone au + 33 (0)6 84 38 1 58\" \/>\n<meta name=\"robots\" content=\"index, follow, max-snippet:-1, max-image-preview:large, max-video-preview:-1\" \/>\n<link rel=\"canonical\" href=\"https:\/\/lemascharlemagne.fr\/?page_id=277\" \/>\n<meta property=\"og:locale\" content=\"fr_FR\" \/>\n<meta property=\"og:type\" content=\"article\" \/>\n<meta property=\"og:title\" content=\"Le Mas Charlemagne \u2022 Le Clos des M\u00fbriers | LOCATION DE G\u00ceTE EN ARD\u00c8CHE\" \/>\n<meta property=\"og:description\" content=\"Location de g\u00eetes 10 personnes tout confort avec piscine en pleine nature au coeur de l&#039;Ard\u00e8che.\" \/>\n<meta property=\"og:url\" content=\"https:\/\/lemascharlemagne.fr\/?page_id=277\" \/>\n<meta property=\"og:site_name\" content=\"Le Mas Charlemagne\" \/>\n<meta property=\"article:publisher\" content=\"https:\/\/www.facebook.com\/profile.php?id=100064532448260\" \/>\n<meta property=\"article:modified_time\" content=\"2026-04-08T12:15:05+00:00\" \/>\n<meta property=\"og:image\" content=\"https:\/\/lemascharlemagne.fr\/wp-content\/uploads\/2023\/12\/le-mas-charlemagne_partage-1.webp\" \/>\n\t<meta property=\"og:image:width\" content=\"800\" \/>\n\t<meta property=\"og:image:height\" content=\"574\" \/>\n\t<meta property=\"og:image:type\" content=\"image\/webp\" \/>\n<meta name=\"twitter:card\" content=\"summary_large_image\" \/>\n<meta name=\"twitter:label1\" content=\"Dur\u00e9e de lecture estim\u00e9e\" \/>\n\t<meta name=\"twitter:data1\" content=\"3 minutes\" \/>\n<script type=\"application\/ld+json\" class=\"yoast-schema-graph\">{\"@context\":\"https:\/\/schema.org\",\"@graph\":[{\"@type\":\"WebPage\",\"@id\":\"https:\/\/lemascharlemagne.fr\/?page_id=277\",\"url\":\"https:\/\/lemascharlemagne.fr\/?page_id=277\",\"name\":\"Contact - Le Mas Charlemagne\",\"isPartOf\":{\"@id\":\"http:\/\/localhost:8888\/mas\/#website\"},\"primaryImageOfPage\":{\"@id\":\"https:\/\/lemascharlemagne.fr\/?page_id=277#primaryimage\"},\"image\":{\"@id\":\"https:\/\/lemascharlemagne.fr\/?page_id=277#primaryimage\"},\"thumbnailUrl\":\"https:\/\/lemascharlemagne.fr\/wp-content\/uploads\/2023\/12\/le-mas-charlemagne_partage-1.webp\",\"datePublished\":\"2020-10-15T14:13:15+00:00\",\"dateModified\":\"2026-04-08T12:15:05+00:00\",\"description\":\"Dominique & Joris Charlemagne sont disponibles pour r\u00e9pondre \u00e0 toutes vos questions. Vous pouvez \u00e9galement nous contacter directement par t\u00e9l\u00e9phone au + 33 (0)6 84 38 1 58\",\"breadcrumb\":{\"@id\":\"https:\/\/lemascharlemagne.fr\/?page_id=277#breadcrumb\"},\"inLanguage\":\"fr-FR\",\"potentialAction\":[{\"@type\":\"ReadAction\",\"target\":[\"https:\/\/lemascharlemagne.fr\/?page_id=277\"]}]},{\"@type\":\"ImageObject\",\"inLanguage\":\"fr-FR\",\"@id\":\"https:\/\/lemascharlemagne.fr\/?page_id=277#primaryimage\",\"url\":\"https:\/\/lemascharlemagne.fr\/wp-content\/uploads\/2023\/12\/le-mas-charlemagne_partage-1.webp\",\"contentUrl\":\"https:\/\/lemascharlemagne.fr\/wp-content\/uploads\/2023\/12\/le-mas-charlemagne_partage-1.webp\",\"width\":800,\"height\":574,\"caption\":\"Ancien accueil Mas Charlemagne\"},{\"@type\":\"BreadcrumbList\",\"@id\":\"https:\/\/lemascharlemagne.fr\/?page_id=277#breadcrumb\",\"itemListElement\":[{\"@type\":\"ListItem\",\"position\":1,\"name\":\"Accueil\",\"item\":\"https:\/\/lemascharlemagne.fr\/\"},{\"@type\":\"ListItem\",\"position\":2,\"name\":\"Contact\"}]},{\"@type\":\"WebSite\",\"@id\":\"http:\/\/localhost:8888\/mas\/#website\",\"url\":\"http:\/\/localhost:8888\/mas\/\",\"name\":\"Le Mas Charlemagne\",\"description\":\"\",\"publisher\":{\"@id\":\"http:\/\/localhost:8888\/mas\/#organization\"},\"potentialAction\":[{\"@type\":\"SearchAction\",\"target\":{\"@type\":\"EntryPoint\",\"urlTemplate\":\"http:\/\/localhost:8888\/mas\/?s={search_term_string}\"},\"query-input\":{\"@type\":\"PropertyValueSpecification\",\"valueRequired\":true,\"valueName\":\"search_term_string\"}}],\"inLanguage\":\"fr-FR\"},{\"@type\":\"Organization\",\"@id\":\"http:\/\/localhost:8888\/mas\/#organization\",\"name\":\"Le Mas Charlemagne\",\"url\":\"http:\/\/localhost:8888\/mas\/\",\"logo\":{\"@type\":\"ImageObject\",\"inLanguage\":\"fr-FR\",\"@id\":\"http:\/\/localhost:8888\/mas\/#\/schema\/logo\/image\/\",\"url\":\"https:\/\/mas.elevagecharlemagne.com\/wp-content\/uploads\/2023\/12\/LOGO_le-mas-charlemagne_stiky.png\",\"contentUrl\":\"https:\/\/mas.elevagecharlemagne.com\/wp-content\/uploads\/2023\/12\/LOGO_le-mas-charlemagne_stiky.png\",\"width\":800,\"height\":137,\"caption\":\"Le Mas Charlemagne\"},\"image\":{\"@id\":\"http:\/\/localhost:8888\/mas\/#\/schema\/logo\/image\/\"},\"sameAs\":[\"https:\/\/www.facebook.com\/profile.php?id=100064532448260\",\"https:\/\/www.instagram.com\/lemascharlemagne\/\"]}]}<\/script>\n<!-- \/ Yoast SEO plugin. -->","yoast_head_json":{"title":"Contact - Le Mas Charlemagne","description":"Dominique & Joris Charlemagne sont disponibles pour r\u00e9pondre \u00e0 toutes vos questions. Vous pouvez \u00e9galement nous contacter directement par t\u00e9l\u00e9phone au + 33 (0)6 84 38 1 58","robots":{"index":"index","follow":"follow","max-snippet":"max-snippet:-1","max-image-preview":"max-image-preview:large","max-video-preview":"max-video-preview:-1"},"canonical":"https:\/\/lemascharlemagne.fr\/?page_id=277","og_locale":"fr_FR","og_type":"article","og_title":"Le Mas Charlemagne \u2022 Le Clos des M\u00fbriers | LOCATION DE G\u00ceTE EN ARD\u00c8CHE","og_description":"Location de g\u00eetes 10 personnes tout confort avec piscine en pleine nature au coeur de l'Ard\u00e8che.","og_url":"https:\/\/lemascharlemagne.fr\/?page_id=277","og_site_name":"Le Mas Charlemagne","article_publisher":"https:\/\/www.facebook.com\/profile.php?id=100064532448260","article_modified_time":"2026-04-08T12:15:05+00:00","og_image":[{"width":800,"height":574,"url":"https:\/\/lemascharlemagne.fr\/wp-content\/uploads\/2023\/12\/le-mas-charlemagne_partage-1.webp","type":"image\/webp"}],"twitter_card":"summary_large_image","twitter_misc":{"Dur\u00e9e de lecture estim\u00e9e":"3 minutes"},"schema":{"@context":"https:\/\/schema.org","@graph":[{"@type":"WebPage","@id":"https:\/\/lemascharlemagne.fr\/?page_id=277","url":"https:\/\/lemascharlemagne.fr\/?page_id=277","name":"Contact - Le Mas Charlemagne","isPartOf":{"@id":"http:\/\/localhost:8888\/mas\/#website"},"primaryImageOfPage":{"@id":"https:\/\/lemascharlemagne.fr\/?page_id=277#primaryimage"},"image":{"@id":"https:\/\/lemascharlemagne.fr\/?page_id=277#primaryimage"},"thumbnailUrl":"https:\/\/lemascharlemagne.fr\/wp-content\/uploads\/2023\/12\/le-mas-charlemagne_partage-1.webp","datePublished":"2020-10-15T14:13:15+00:00","dateModified":"2026-04-08T12:15:05+00:00","description":"Dominique & Joris Charlemagne sont disponibles pour r\u00e9pondre \u00e0 toutes vos questions. Vous pouvez \u00e9galement nous contacter directement par t\u00e9l\u00e9phone au + 33 (0)6 84 38 1 58","breadcrumb":{"@id":"https:\/\/lemascharlemagne.fr\/?page_id=277#breadcrumb"},"inLanguage":"fr-FR","potentialAction":[{"@type":"ReadAction","target":["https:\/\/lemascharlemagne.fr\/?page_id=277"]}]},{"@type":"ImageObject","inLanguage":"fr-FR","@id":"https:\/\/lemascharlemagne.fr\/?page_id=277#primaryimage","url":"https:\/\/lemascharlemagne.fr\/wp-content\/uploads\/2023\/12\/le-mas-charlemagne_partage-1.webp","contentUrl":"https:\/\/lemascharlemagne.fr\/wp-content\/uploads\/2023\/12\/le-mas-charlemagne_partage-1.webp","width":800,"height":574,"caption":"Ancien accueil Mas Charlemagne"},{"@type":"BreadcrumbList","@id":"https:\/\/lemascharlemagne.fr\/?page_id=277#breadcrumb","itemListElement":[{"@type":"ListItem","position":1,"name":"Accueil","item":"https:\/\/lemascharlemagne.fr\/"},{"@type":"ListItem","position":2,"name":"Contact"}]},{"@type":"WebSite","@id":"http:\/\/localhost:8888\/mas\/#website","url":"http:\/\/localhost:8888\/mas\/","name":"Le Mas Charlemagne","description":"","publisher":{"@id":"http:\/\/localhost:8888\/mas\/#organization"},"potentialAction":[{"@type":"SearchAction","target":{"@type":"EntryPoint","urlTemplate":"http:\/\/localhost:8888\/mas\/?s={search_term_string}"},"query-input":{"@type":"PropertyValueSpecification","valueRequired":true,"valueName":"search_term_string"}}],"inLanguage":"fr-FR"},{"@type":"Organization","@id":"http:\/\/localhost:8888\/mas\/#organization","name":"Le Mas Charlemagne","url":"http:\/\/localhost:8888\/mas\/","logo":{"@type":"ImageObject","inLanguage":"fr-FR","@id":"http:\/\/localhost:8888\/mas\/#\/schema\/logo\/image\/","url":"https:\/\/mas.elevagecharlemagne.com\/wp-content\/uploads\/2023\/12\/LOGO_le-mas-charlemagne_stiky.png","contentUrl":"https:\/\/mas.elevagecharlemagne.com\/wp-content\/uploads\/2023\/12\/LOGO_le-mas-charlemagne_stiky.png","width":800,"height":137,"caption":"Le Mas Charlemagne"},"image":{"@id":"http:\/\/localhost:8888\/mas\/#\/schema\/logo\/image\/"},"sameAs":["https:\/\/www.facebook.com\/profile.php?id=100064532448260","https:\/\/www.instagram.com\/lemascharlemagne\/"]}]}},"_links":{"self":[{"href":"https:\/\/lemascharlemagne.fr\/index.php?rest_route=\/wp\/v2\/pages\/277","targetHints":{"allow":["GET"]}}],"collection":[{"href":"https:\/\/lemascharlemagne.fr\/index.php?rest_route=\/wp\/v2\/pages"}],"about":[{"href":"https:\/\/lemascharlemagne.fr\/index.php?rest_route=\/wp\/v2\/types\/page"}],"author":[{"embeddable":true,"href":"https:\/\/lemascharlemagne.fr\/index.php?rest_route=\/wp\/v2\/users\/1"}],"replies":[{"embeddable":true,"href":"https:\/\/lemascharlemagne.fr\/index.php?rest_route=%2Fwp%2Fv2%2Fcomments&post=277"}],"version-history":[{"count":77,"href":"https:\/\/lemascharlemagne.fr\/index.php?rest_route=\/wp\/v2\/pages\/277\/revisions"}],"predecessor-version":[{"id":2420,"href":"https:\/\/lemascharlemagne.fr\/index.php?rest_route=\/wp\/v2\/pages\/277\/revisions\/2420"}],"wp:featuredmedia":[{"embeddable":true,"href":"https:\/\/lemascharlemagne.fr\/index.php?rest_route=\/wp\/v2\/media\/1598"}],"wp:attachment":[{"href":"https:\/\/lemascharlemagne.fr\/index.php?rest_route=%2Fwp%2Fv2%2Fmedia&parent=277"}],"curies":[{"name":"wp","href":"https:\/\/api.w.org\/{rel}","templated":true}]}}